{"id":10,"date":"2022-12-01T18:24:58","date_gmt":"2022-12-01T17:24:58","guid":{"rendered":"https:\/\/www.jeepdallas.fr\/jeep-dallas\/?page_id=10"},"modified":"2024-02-01T11:06:11","modified_gmt":"2024-02-01T10:06:11","slug":"jeep-dallas-grandin","status":"publish","type":"page","link":"https:\/\/www.jeepdallas.fr\/jeep-dallas\/jeep-dallas-grandin\/","title":{"rendered":"Jeep Dallas Grandin"},"content":{"rendered":"\n<h1 class=\"wp-block-heading\">En 1983, Jean-Fran\u00e7ois Grandin (12 octobre 1941 &#8211; 11 octobre 2012), alias Frank Alamo,<\/h1>\n\n\n\n<p>rach\u00e8te l&rsquo;usine, jusqu&rsquo;en 1989 il poursuivra la fabrication de Jeep Dallas construite sur base de Renault 4L (Jeep Dallas commercialis\u00e9e sous la marque Grandin).<\/p>\n\n\n\n<p>D\u00e8s 1987, il construit une nouvelle Dallas.<br>Peugeot sera retenu pour toute la partie m\u00e9canique, d&rsquo;abord, avec le moteur \u00e9quipant la Peugeot 104, moteur de 1360 cm3 et de 85 CV.<br>Rapidement, c&rsquo;est le moteur de la Peugeot 205, le TU3S de 1360 cm3 et 85 CV qui prend place sous le capot.<br>La construction du ch\u00e2ssis (ch\u00e2ssis \u00e9chelle en acier galvanis\u00e9) est confi\u00e9e \u00e0 la soci\u00e9t\u00e9 ALKO, quant \u00e0 la carrosserie elle est r\u00e9alis\u00e9e en fibre de verre et gelcoat, le reste de l&rsquo;\u00e9quipement provient de diff\u00e9rents constructeurs.<br>La Jeep Dallas ne cessera d&rsquo;\u00e9voluer jusqu&rsquo;\u00e0 l&rsquo;arr\u00eat de la fabrication en 1998.<\/p>\n\n\n\n<p><a href=\"https:\/\/www.dallas-club.eu\" target=\"_blank\" rel=\"noreferrer noopener\">Dallas Club, le site de l&rsquo;association<\/a><br><a href=\"https:\/\/www.facebook.com\/jeepdallas.grandin\/\" target=\"_blank\" rel=\"noreferrer noopener\">Dallas Club sur facebook<\/a><\/p>\n","protected":false},"excerpt":{"rendered":"<p>En 1983, Jean-Fran\u00e7ois Grandin (12 octobre 1941 &#8211; 11 octobre 2012), alias Frank Alamo, rach\u00e8te l&rsquo;usine, jusqu&rsquo;en 1989 il poursuivra la fabrication de Jeep Dallas construite sur base de Renault 4L (Jeep Dallas commercialis\u00e9e sous la marque Grandin). D\u00e8s 1987, il construit une nouvelle Dallas.Peugeot sera retenu pour toute la partie m\u00e9canique, d&rsquo;abord, avec le &hellip; <\/p>\n<p class=\"link-more\"><a href=\"https:\/\/www.jeepdallas.fr\/jeep-dallas\/jeep-dallas-grandin\/\" class=\"more-link\">Continuer la lecture<span class=\"screen-reader-text\"> de &laquo;&nbsp;Jeep Dallas Grandin&nbsp;&raquo;<\/span><\/a><\/p>\n","protected":false},"author":1,"featured_media":39,"parent":0,"menu_order":0,"comment_status":"closed","ping_status":"closed","template":"","meta":{"footnotes":""},"class_list":["post-10","page","type-page","status-publish","has-post-thumbnail","hentry"],"_links":{"self":[{"href":"https:\/\/www.jeepdallas.fr\/jeep-dallas\/wp-json\/wp\/v2\/pages\/10","targetHints":{"allow":["GET"]}}],"collection":[{"href":"https:\/\/www.jeepdallas.fr\/jeep-dallas\/wp-json\/wp\/v2\/pages"}],"about":[{"href":"https:\/\/www.jeepdallas.fr\/jeep-dallas\/wp-json\/wp\/v2\/types\/page"}],"author":[{"embeddable":true,"href":"https:\/\/www.jeepdallas.fr\/jeep-dallas\/wp-json\/wp\/v2\/users\/1"}],"replies":[{"embeddable":true,"href":"https:\/\/www.jeepdallas.fr\/jeep-dallas\/wp-json\/wp\/v2\/comments?post=10"}],"version-history":[{"count":20,"href":"https:\/\/www.jeepdallas.fr\/jeep-dallas\/wp-json\/wp\/v2\/pages\/10\/revisions"}],"predecessor-version":[{"id":21612,"href":"https:\/\/www.jeepdallas.fr\/jeep-dallas\/wp-json\/wp\/v2\/pages\/10\/revisions\/21612"}],"wp:featuredmedia":[{"embeddable":true,"href":"https:\/\/www.jeepdallas.fr\/jeep-dallas\/wp-json\/wp\/v2\/media\/39"}],"wp:attachment":[{"href":"https:\/\/www.jeepdallas.fr\/jeep-dallas\/wp-json\/wp\/v2\/media?parent=10"}],"curies":[{"name":"wp","href":"https:\/\/api.w.org\/{rel}","templated":true}]}}