{"id":168,"date":"2022-12-20T13:49:34","date_gmt":"2022-12-20T12:49:34","guid":{"rendered":"https:\/\/www.jeepdallas.fr\/jeep-dallas\/?page_id=168"},"modified":"2025-10-02T09:51:18","modified_gmt":"2025-10-02T07:51:18","slug":"jeep-dallas-grandin-en-detail","status":"publish","type":"page","link":"https:\/\/www.jeepdallas.fr\/jeep-dallas\/jeep-dallas-grandin-en-detail\/","title":{"rendered":"Jeep Dallas Grandin en d\u00e9tail"},"content":{"rendered":"<h1>Frank Alamo et la Jeep Dallas :<\/h1>\n\n\n<p>1983, Jean-Fran\u00e7ois Grandin (alias Frank Alamo, chanteur \u00ab\u00a0Y\u00e9 Y\u00e9 \u00a0\u00bb des ann\u00e9es 60 &#8211; 70, fils de l&rsquo;industriel Maurice Grandin, fabricant entre autre des t\u00e9l\u00e9viseurs \u00e9ponymes) rach\u00e8te l&rsquo;usine, il poursuit la fabrication des Dallas cr\u00e9\u00e9es par Jean-Claude Hrubon.<br>Rapidement, il remplace la carrosserie en t\u00f4le pli\u00e9e par une carrosserie en fibre de verre et gelcoat.<br>La calandre passe de 7 fentes \u00e0 9 fentes.<\/p>\n\n\n<div class=\"wp-block-image\">\n<figure class=\"aligncenter size-large\"><img loading=\"lazy\" decoding=\"async\" width=\"1024\" height=\"703\" src=\"https:\/\/www.jeepdallas.fr\/jeep-dallas\/wp-content\/uploads\/2022\/12\/jeep-dallas-gandin-base-R4L-1024x703.png\" alt=\"Jeep dallas Grandin\" class=\"wp-image-177\" title=\"Jeep Dallas Grandin, construite sur base de R4L, carrosserie en fibre de verre\" srcset=\"https:\/\/www.jeepdallas.fr\/jeep-dallas\/wp-content\/uploads\/2022\/12\/jeep-dallas-gandin-base-R4L-1024x703.png 1024w, https:\/\/www.jeepdallas.fr\/jeep-dallas\/wp-content\/uploads\/2022\/12\/jeep-dallas-gandin-base-R4L-300x206.png 300w, https:\/\/www.jeepdallas.fr\/jeep-dallas\/wp-content\/uploads\/2022\/12\/jeep-dallas-gandin-base-R4L-768x527.png 768w, https:\/\/www.jeepdallas.fr\/jeep-dallas\/wp-content\/uploads\/2022\/12\/jeep-dallas-gandin-base-R4L-1536x1054.png 1536w, https:\/\/www.jeepdallas.fr\/jeep-dallas\/wp-content\/uploads\/2022\/12\/jeep-dallas-gandin-base-R4L-2048x1406.png 2048w\" sizes=\"auto, (max-width: 767px) 89vw, (max-width: 1000px) 54vw, (max-width: 1071px) 543px, 580px\" \/><figcaption class=\"wp-element-caption\">Jeep Dallas Grandin sur base Renault R4L<\/figcaption><\/figure>\n<\/div>\n\n<h2>1987, nouvelle Jeep Dallas :<\/h2>\n\n\n<p>1987, sortie d&rsquo;une nouvelle Dallas, seule la ligne est conserv\u00e9e, la Dallas abandonne les \u00e9l\u00e9ments provenant de Renault 4L.<br>La motorisation choisie est celle qui \u00e9quipe la Peugeot 104 et les premi\u00e8res 205, avec le moteur boite XY8 de 1360 cm<sup>3<\/sup>, 85 cv et double carburateur simple corps Weber 35IBSH.<br>La fabrication du ch\u00e2ssis \u00e9chelle est confi\u00e9 \u00e0 la soci\u00e9t\u00e9 ALKO, il est en acier galvanis\u00e9 \u00e0 chaud\u202f; quant \u00e0 la carrosserie, elle est en fibre de verre et gelcoat.<br>Le reste des \u00e9l\u00e9ments provient essentiellement des Peugeot 205.<\/p>\n\n\n<div class=\"wp-block-image\">\n<figure class=\"aligncenter size-large\"><img loading=\"lazy\" decoding=\"async\" width=\"1024\" height=\"825\" src=\"https:\/\/www.jeepdallas.fr\/jeep-dallas\/wp-content\/uploads\/2022\/12\/jeep-dallas-grandin-1987-1024x825.png\" alt=\"Jeep Dallas Grandin 1987\" class=\"wp-image-178\" title=\"Jeep Dallas Grandin, groupe moto-propulseur Peugeot 104\" srcset=\"https:\/\/www.jeepdallas.fr\/jeep-dallas\/wp-content\/uploads\/2022\/12\/jeep-dallas-grandin-1987-1024x825.png 1024w, https:\/\/www.jeepdallas.fr\/jeep-dallas\/wp-content\/uploads\/2022\/12\/jeep-dallas-grandin-1987-300x242.png 300w, https:\/\/www.jeepdallas.fr\/jeep-dallas\/wp-content\/uploads\/2022\/12\/jeep-dallas-grandin-1987-768x619.png 768w, https:\/\/www.jeepdallas.fr\/jeep-dallas\/wp-content\/uploads\/2022\/12\/jeep-dallas-grandin-1987.png 1288w\" sizes=\"auto, (max-width: 767px) 89vw, (max-width: 1000px) 54vw, (max-width: 1071px) 543px, 580px\" \/><figcaption class=\"wp-element-caption\">Jeep Dallas 1987<\/figcaption><\/figure>\n<\/div>\n\n<h2>1989, vente des premi\u00e8res Jeep Dallas (base 205) :<\/h2>\n\n\n<p>1989, les d\u00e9fauts de la premi\u00e8re s\u00e9rie sont corrig\u00e9s (nouveaux phares plus grands, si\u00e8ges, fermeture capot, et quelques d\u00e9tails esth\u00e9tiques), moteur et boite de la Peugeot 205 prennent place sous le capot (le TU3S remplace le XY8 (la boite est s\u00e9par\u00e9e du moteur), cylindr\u00e9e et puissance restent les m\u00eames, le carburateur est un Solex 32-34Z double-corps.<\/p>\n\n\n<div class=\"wp-block-image\">\n<figure class=\"aligncenter size-large\"><img loading=\"lazy\" decoding=\"async\" width=\"1024\" height=\"737\" src=\"https:\/\/www.jeepdallas.fr\/jeep-dallas\/wp-content\/uploads\/2022\/12\/jeep-dallas-grandin-1992-1024x737.png\" alt=\"Jeep dallas Grandin 1992\" class=\"wp-image-185\" title=\"Jeep Dallas Grandin, m\u00e9canique Peugeot 205, carrosserie fibre de verre\" srcset=\"https:\/\/www.jeepdallas.fr\/jeep-dallas\/wp-content\/uploads\/2022\/12\/jeep-dallas-grandin-1992-1024x737.png 1024w, https:\/\/www.jeepdallas.fr\/jeep-dallas\/wp-content\/uploads\/2022\/12\/jeep-dallas-grandin-1992-300x216.png 300w, https:\/\/www.jeepdallas.fr\/jeep-dallas\/wp-content\/uploads\/2022\/12\/jeep-dallas-grandin-1992-768x553.png 768w, https:\/\/www.jeepdallas.fr\/jeep-dallas\/wp-content\/uploads\/2022\/12\/jeep-dallas-grandin-1992-1536x1105.png 1536w, https:\/\/www.jeepdallas.fr\/jeep-dallas\/wp-content\/uploads\/2022\/12\/jeep-dallas-grandin-1992.png 1936w\" sizes=\"auto, (max-width: 767px) 89vw, (max-width: 1000px) 54vw, (max-width: 1071px) 543px, 580px\" \/><figcaption class=\"wp-element-caption\">Jeep Dallas Grandin 1992<\/figcaption><\/figure>\n<\/div>\n\n<h2>1993, Restylage de la Jeep Dallas :<\/h2>\n\n\n<p>1993, restylage de la Jeep Dallas, la carrosserie s\u2019arrondie, le capot gagne 10 cm en longueur permettant d&rsquo;\u00e9quiper la Dallas du moteur Peugeot diesel XUD7 de 1700 cm<sup>3<\/sup> et 59 cv.<br>Les mod\u00e8les essence adoptent le moteur Peugeot injection TU3M\/Z, la puissance d\u00e9livr\u00e9e est de 75 cv.<\/p>\n\n\n<div class=\"wp-block-image\">\n<figure class=\"aligncenter size-large\"><img loading=\"lazy\" decoding=\"async\" width=\"1024\" height=\"712\" src=\"https:\/\/www.jeepdallas.fr\/jeep-dallas\/wp-content\/uploads\/2022\/12\/jeep-dallas-diesel-1-1024x712.png\" alt=\"Jeep Dallas Grandin Diesel\" class=\"wp-image-190\" title=\"Jeep Dallas Grandin, motoris\u00e9e Peugeot diesel 1700 cm3\" srcset=\"https:\/\/www.jeepdallas.fr\/jeep-dallas\/wp-content\/uploads\/2022\/12\/jeep-dallas-diesel-1-1024x712.png 1024w, https:\/\/www.jeepdallas.fr\/jeep-dallas\/wp-content\/uploads\/2022\/12\/jeep-dallas-diesel-1-300x208.png 300w, https:\/\/www.jeepdallas.fr\/jeep-dallas\/wp-content\/uploads\/2022\/12\/jeep-dallas-diesel-1-768x534.png 768w, https:\/\/www.jeepdallas.fr\/jeep-dallas\/wp-content\/uploads\/2022\/12\/jeep-dallas-diesel-1-1536x1067.png 1536w, https:\/\/www.jeepdallas.fr\/jeep-dallas\/wp-content\/uploads\/2022\/12\/jeep-dallas-diesel-1-2048x1423.png 2048w\" sizes=\"auto, (max-width: 767px) 89vw, (max-width: 1000px) 54vw, (max-width: 1071px) 543px, 580px\" \/><figcaption class=\"wp-element-caption\"> Jeep Dallas Grandin Diesel<\/figcaption><\/figure>\n<\/div>\n\n<h2>Le Vescovato :<\/h2>\n\n\n<p>Un mod\u00e8le utilitaire, avec ch\u00e2ssis renforc\u00e9, vient rejoindre la gamme, le Vescovato, propos\u00e9 en deux longueurs,  3,30 m et 3,50 m, uniquement propuls\u00e9 par le moteur diesel.<\/p>\n\n\n\n<figure class=\"wp-block-image size-full is-resized\"><img loading=\"lazy\" decoding=\"async\" width=\"536\" height=\"359\" src=\"https:\/\/www.jeepdallas.fr\/jeep-dallas\/wp-content\/uploads\/2022\/12\/Vescovato-1.png\" alt=\"Vescovato Dallas Diesel\" class=\"wp-image-197\" style=\"width:674px;height:451px\" title=\"Vescovato, m\u00e9canique Peugeot Diesel\" srcset=\"https:\/\/www.jeepdallas.fr\/jeep-dallas\/wp-content\/uploads\/2022\/12\/Vescovato-1.png 536w, https:\/\/www.jeepdallas.fr\/jeep-dallas\/wp-content\/uploads\/2022\/12\/Vescovato-1-300x201.png 300w\" sizes=\"auto, (max-width: 536px) 100vw, 536px\" \/><figcaption class=\"wp-element-caption\">Vescovato<\/figcaption><\/figure>\n\n\n<h2>Frank Alamo revend son entreprise :<\/h2>\n\n\n<p>1996, Frank Alamo c\u00e8de son entreprise, il repart sur les routes de France avec la tourn\u00e9e \u00ab\u00a0\u00c2ge tendre et t\u00eates de bois\u00a0\u00bb.<\/p>\n\n\n<h2>1998, fin de la construction des Jeep Dallas :<\/h2>\n\n\n<p>1998, fin de l&rsquo;aventure, cessation d&rsquo;activit\u00e9, moins de 5000 Dallas seront sorties d&rsquo;usine.<\/p>\n\n\n\n<div class=\"wp-block-group\"><div class=\"wp-block-group__inner-container is-layout-constrained wp-block-group-is-layout-constrained\">\n<div class=\"wp-block-group has-background\" style=\"background-color:#eeeeee\"><div class=\"wp-block-group__inner-container is-layout-constrained wp-block-group-is-layout-constrained\">\n<h2>Informations compl\u00e9mentaires :<\/h2>\n\n\n\n<p>Vous trouverez sur le site internet du <a href=\"https:\/\/www.dallas-club.eu\/\" target=\"_blank\" rel=\"noreferrer noopener\">Dallas Club<\/a> de nombreux renseignements, de la documentation technique, des informations pour l&rsquo;entretien et la restauration de vos autos, des documents d&rsquo;\u00e9poque.<\/p>\n<\/div><\/div>\n<\/div><\/div>\n\n\n<h2>Fiche technique Jeep Dallas<br \/>Quelques chiffres :<\/h2>\n\n\n<p>&#8211; Dallas II de 1987 \u00e0 1988<br>Longueur&nbsp;: 300 cm, largeur 163 cm, hauteur 169 cm<br>Moteur&nbsp;: XY8, 1360 cm<sup>3<\/sup>, 85 cv essence exclusivement<br>Poids \u00e0 vide&nbsp;: 650 kg<br>Garde au sol&nbsp;: 24 cm<br>Rayon de braquage&nbsp;: 4,20m<br>&#8211; Dallas II de 1988 \u00e0 1992<br>Moteur&nbsp;: TU3S, 1360 cm<sup>3<\/sup>, 85 cv essence exclusivement<br>Poids \u00e0 vide&nbsp;: 660 kg<br>-Dallas III essence de 1993 \u00e0 1998<br>Longueur&nbsp;: 310 cm, largeur 163 cm, hauteur 169 cm<br>Moteur&nbsp;: TU3M, 1360 cm<sup>3<\/sup>, 75 cv essence<br>Poids \u00e0 vide&nbsp;: 670 kg<br>&#8211; Dallas III diesel de 1993 \u00e0 1998<br>Moteur&nbsp;: XUD7\/K de 1769 cm<sup>3<\/sup>, 59 cv<br>Poids&nbsp;: 815 kg<\/p>\n\n\n<h2>Restauration Jeep Dallas<\/h2>\n\n\n<p>Vous venez d&rsquo;acqu\u00e9rir une Jeep Dallas, vous souhaitez la remettre en \u00e9tat, quelques pistes :<br><a href=\"https:\/\/www.dallas-club.eu\/page\/2205220-restauration-jeep-dallas\" target=\"_blank\" rel=\"noreferrer noopener\">&#8211; Restauration Jeep Dallas<\/a><br><a href=\"https:\/\/www.dallas-club.eu\/page\/2009893-les-bonnes-adresses\" target=\"_blank\" rel=\"noreferrer noopener\">&#8211; Se fournir en pi\u00e8ces<\/a><br><a href=\"https:\/\/www.dallas-club.eu\/page\/2007449-documentations-techniques\" target=\"_blank\" rel=\"noreferrer noopener\">&#8211; Documentation<\/a><br><a href=\"https:\/\/www.jeepdallas.fr\/forum-dallas\/forumdisplay.php?fid=4\" target=\"_blank\" rel=\"noreferrer noopener\">&#8211; Le forum d&rsquo;entraide<\/a><\/p>\n\n\n\n<figure class=\"wp-block-embed is-type-video is-provider-youtube wp-block-embed-youtube wp-embed-aspect-16-9 wp-has-aspect-ratio\"><div class=\"wp-block-embed__wrapper\">\n<iframe loading=\"lazy\" title=\"Jeep Dallas Grandin d\u00e9couverte\" width=\"525\" height=\"295\" src=\"https:\/\/www.youtube.com\/embed\/kdjxbkbNib8?feature=oembed\" frameborder=\"0\" allow=\"accelerometer; autoplay; clipboard-write; encrypted-media; gyroscope; picture-in-picture; web-share\" referrerpolicy=\"strict-origin-when-cross-origin\" allowfullscreen><\/iframe>\n<\/div><\/figure>\n\n\n<h2>Quelques liens&nbsp;:<\/h2>\n\n\n<p><a href=\"https:\/\/www.dallas-club.eu\/\" target=\"_blank\" rel=\"noreferrer noopener\">Le Dallas Club, r\u00e9unissant les passionn\u00e9s de Jeep Dallas.<\/a><br><a href=\"https:\/\/fr.wikipedia.org\/wiki\/Dallas_(jeep)\" target=\"_blank\" rel=\"noreferrer noopener\">Wikip\u00e9dia.<\/a><br><a href=\"https:\/\/www.jeepdallas.fr\/forum-dallas\/\" target=\"_blank\" rel=\"noreferrer noopener\">Le Forum de discussion autour de la Jeep Dallas.<\/a><\/p>\n","protected":false},"excerpt":{"rendered":"<p>Frank Alamo et la Jeep Dallas : 1983, Jean-Fran\u00e7ois Grandin (alias Frank Alamo, chanteur \u00ab\u00a0Y\u00e9 Y\u00e9 \u00a0\u00bb des ann\u00e9es 60 &#8211; 70, fils de l&rsquo;industriel Maurice Grandin, fabricant entre autre des t\u00e9l\u00e9viseurs \u00e9ponymes) rach\u00e8te l&rsquo;usine, il poursuit la fabrication des Dallas cr\u00e9\u00e9es par Jean-Claude Hrubon.Rapidement, il remplace la carrosserie en t\u00f4le pli\u00e9e par une carrosserie &hellip; <\/p>\n<p class=\"link-more\"><a href=\"https:\/\/www.jeepdallas.fr\/jeep-dallas\/jeep-dallas-grandin-en-detail\/\" class=\"more-link\">Continuer la lecture<span class=\"screen-reader-text\"> de &laquo;&nbsp;Jeep Dallas Grandin en d\u00e9tail&nbsp;&raquo;<\/span><\/a><\/p>\n","protected":false},"author":1,"featured_media":0,"parent":0,"menu_order":0,"comment_status":"closed","ping_status":"closed","template":"","meta":{"footnotes":""},"class_list":["post-168","page","type-page","status-publish","hentry"],"_links":{"self":[{"href":"https:\/\/www.jeepdallas.fr\/jeep-dallas\/wp-json\/wp\/v2\/pages\/168","targetHints":{"allow":["GET"]}}],"collection":[{"href":"https:\/\/www.jeepdallas.fr\/jeep-dallas\/wp-json\/wp\/v2\/pages"}],"about":[{"href":"https:\/\/www.jeepdallas.fr\/jeep-dallas\/wp-json\/wp\/v2\/types\/page"}],"author":[{"embeddable":true,"href":"https:\/\/www.jeepdallas.fr\/jeep-dallas\/wp-json\/wp\/v2\/users\/1"}],"replies":[{"embeddable":true,"href":"https:\/\/www.jeepdallas.fr\/jeep-dallas\/wp-json\/wp\/v2\/comments?post=168"}],"version-history":[{"count":48,"href":"https:\/\/www.jeepdallas.fr\/jeep-dallas\/wp-json\/wp\/v2\/pages\/168\/revisions"}],"predecessor-version":[{"id":81212,"href":"https:\/\/www.jeepdallas.fr\/jeep-dallas\/wp-json\/wp\/v2\/pages\/168\/revisions\/81212"}],"wp:attachment":[{"href":"https:\/\/www.jeepdallas.fr\/jeep-dallas\/wp-json\/wp\/v2\/media?parent=168"}],"curies":[{"name":"wp","href":"https:\/\/api.w.org\/{rel}","templated":true}]}}