{"id":200,"date":"2022-12-21T09:08:25","date_gmt":"2022-12-21T08:08:25","guid":{"rendered":"https:\/\/www.jeepdallas.fr\/jeep-dallas\/?page_id=200"},"modified":"2025-09-25T10:35:17","modified_gmt":"2025-09-25T08:35:17","slug":"jeep-dallas-hrubon-en-detail","status":"publish","type":"page","link":"https:\/\/www.jeepdallas.fr\/jeep-dallas\/jeep-dallas-hrubon-en-detail\/","title":{"rendered":"Jeep Dallas \u00ab\u00a0Hrubon\u00a0\u00bb en d\u00e9tail"},"content":{"rendered":"<h1>Jean-Claude Hrubon, le cr\u00e9ateur de la Jeep Dallas<\/h1>\n\n\n<p>1981, <strong>Jean-Claude Hrubon<\/strong> termine la fabrication d&rsquo;une petite voiture de plage, un v\u00e9hicule de loisir construit sur une base de Renault 4L.<\/p>\n\n\n\n<figure class=\"wp-block-image size-large\"><img loading=\"lazy\" decoding=\"async\" width=\"1024\" height=\"676\" src=\"https:\/\/www.jeepdallas.fr\/jeep-dallas\/wp-content\/uploads\/2022\/12\/dallas-hrubon-1024x676.png\" alt=\"Jeep Dallas Hrubon, sur base de Renault 4L\" class=\"wp-image-208\" title=\"Jeep Dallas Hrubon, carrosserie acier\" srcset=\"https:\/\/www.jeepdallas.fr\/jeep-dallas\/wp-content\/uploads\/2022\/12\/dallas-hrubon-1024x676.png 1024w, https:\/\/www.jeepdallas.fr\/jeep-dallas\/wp-content\/uploads\/2022\/12\/dallas-hrubon-300x198.png 300w, https:\/\/www.jeepdallas.fr\/jeep-dallas\/wp-content\/uploads\/2022\/12\/dallas-hrubon-768x507.png 768w, https:\/\/www.jeepdallas.fr\/jeep-dallas\/wp-content\/uploads\/2022\/12\/dallas-hrubon.png 1028w\" sizes=\"auto, (max-width: 767px) 89vw, (max-width: 1000px) 54vw, (max-width: 1071px) 543px, 580px\" \/><figcaption class=\"wp-element-caption\">Jeep Dallas Hrubon<\/figcaption><\/figure>\n\n\n<h2>La recette:<\/h2>\n\n\n<p>\u00c0 partir d&rsquo;un ch\u00e2ssis de R4L raccourci de 41 cm, il construit une carrosserie en t\u00f4le, la Jeep Willys lui servira de mod\u00e8le, la m\u00e9canique de la R4L sera conserv\u00e9e, ainsi que l&rsquo;essentiel des \u00e9quipements .<br>(Une version plus longue, ch\u00e2ssis non raccourci &#8211; 3,38 m &#8211; est propos\u00e9e).<\/p>\n\n\n<h2>Salon de l&rsquo;auto :<\/h2>\n\n\n<p>Septembre 1982, Jean-Claude Hrubon pr\u00e9sente l&rsquo;auto, qui a \u00e9t\u00e9 baptis\u00e9e Dallas, au Salon de l&rsquo;automobile.<\/p>\n\n\n\n<p class=\"has-background\" style=\"background-color:#eeeeee\">D\u2019o\u00f9 vient le nom de cette voiture ?<br>En 1981, on peut voir \u00e0 la t\u00e9l\u00e9vision un feuilleton diffus\u00e9 dans le monde entier, \u00ab\u00a0Dallas ! Ton univers impitoyable\u00a0\u00bb, c&rsquo;est son fils Laurent qui lui souffle d&rsquo;adopter le nom pour la voiture.<\/p>\n\n\n\n<figure class=\"wp-block-image size-large\"><img loading=\"lazy\" decoding=\"async\" width=\"1024\" height=\"728\" src=\"https:\/\/www.jeepdallas.fr\/jeep-dallas\/wp-content\/uploads\/2022\/12\/jc-hrubon-salon-de-lauto-1024x728.png\" alt=\"Jean-Claude Hurubon au salon de l'automobile de Paris, 1982\" class=\"wp-image-210\" title=\"Jean-Claude Hrubon au salon de l'Automobile de Paris en 1982\" srcset=\"https:\/\/www.jeepdallas.fr\/jeep-dallas\/wp-content\/uploads\/2022\/12\/jc-hrubon-salon-de-lauto-1024x728.png 1024w, https:\/\/www.jeepdallas.fr\/jeep-dallas\/wp-content\/uploads\/2022\/12\/jc-hrubon-salon-de-lauto-300x213.png 300w, https:\/\/www.jeepdallas.fr\/jeep-dallas\/wp-content\/uploads\/2022\/12\/jc-hrubon-salon-de-lauto-768x546.png 768w, https:\/\/www.jeepdallas.fr\/jeep-dallas\/wp-content\/uploads\/2022\/12\/jc-hrubon-salon-de-lauto.png 1416w\" sizes=\"auto, (max-width: 767px) 89vw, (max-width: 1000px) 54vw, (max-width: 1071px) 543px, 580px\" \/><figcaption class=\"wp-element-caption\">Jean-Claude Hrubon, salon de l&rsquo;automobile 1982<\/figcaption><\/figure>\n\n\n<h2>La commercialisation de la Jeep Dallas :<\/h2>\n\n\n<p>L&rsquo;aventure de la Jeep Dallas commence.<br>Elle sera propos\u00e9e :<br>1- mont\u00e9e, homologu\u00e9e, pr\u00eate \u00e0 rouler avec en option une transmission Sinpar (modifi\u00e9e, la voiture est plus courte).<br>2- en kit \u00e0 monter sois m\u00eame (\u00e0 faire homologuer \u00e0 titre individuel dans cette configuration), c&rsquo;est ainsi que l&rsquo;on peut voir des Jeep Dallas avec une date de premi\u00e8re mise en service inf\u00e9rieure \u00e0 1981 (c&rsquo;est le num\u00e9ro du ch\u00e2ssis qui compte).<\/p>\n\n\n\n<p>En 1983, Jean-Claude Hrubon revend son entreprise, l&rsquo;aventure ne s&rsquo;arr\u00eatera pas l\u00e0.<br><a href=\"https:\/\/www.jeepdallas.fr\/jeep-dallas\/jeep-dallas-grandin\/\">Suite de l&rsquo;aventure &#8211;&gt;<\/a><\/p>\n\n\n<h2>Jean-Claude Hrubon, un g\u00e9nie de l&rsquo;automobile :<\/h2>\n\n\n<p>Revenons un peu sur la passion de Jean-Claude Hrubon pour l\u2019automobile, il raconte celle-ci dans un livre \u00ab\u00a0Du scaphandre \u00e0 la course\u00a0\u00bb.<br>Apr\u00e8s sa participation \u00e0 la comp\u00e9tition automobile, et avant d&rsquo;y revenir, il a \u00e9t\u00e9 constructeur de v\u00e9hicules de loisirs en cr\u00e9ant \u00ab\u00a0La Mini Hrubon \u00a0\u00bb (nomm\u00e9e par certains<em> La Moke Shorty<\/em>) plus connue sous les noms de \u00ab\u00a0Schmitt\u00a0\u00bb ou de \u00ab\u00a0La Puce\u00a0\u00bb, une voiture inspir\u00e9e de la Mini Moke, mais beaucoup plus courte, anim\u00e9e par une m\u00e9canique d&rsquo;Austin Mini. <br>Une centaine de Mini Hrubon, et environ 700 Schmitt, la Puce seront construites.<br>Une version 125 cm<sup>3<\/sup> et une \u00e9lectrique ont \u00e9t\u00e9 \u00e9galement produites.<br>Cette auto a \u00e9t\u00e9 ensuite construite par les \u00e9tablissements Schmitt, puis Charlatte.<br>Puis vint l&rsquo;aventure Dallas \u00e9voqu\u00e9e ci-dessus.<br>Une version (mod\u00e8le unique) construite sur base Citro\u00ebn 2cv \u00e9tait dans les cartons, ainsi qu&rsquo;un pick-up sur base R4L.<\/p>\n\n\n\n<figure class=\"wp-block-image size-large\"><img loading=\"lazy\" decoding=\"async\" width=\"1024\" height=\"655\" src=\"https:\/\/www.jeepdallas.fr\/jeep-dallas\/wp-content\/uploads\/2022\/12\/schmitt-1024x655.png\" alt=\"Mini Hurbon, aussi appel\u00e9 La Schmitt ou La Puce\" class=\"wp-image-212\" title=\"La Schmitt, cr\u00e9\u00e9e par Jean-Claude Hrubon, m\u00e9canique Austin Mini\" srcset=\"https:\/\/www.jeepdallas.fr\/jeep-dallas\/wp-content\/uploads\/2022\/12\/schmitt-1024x655.png 1024w, https:\/\/www.jeepdallas.fr\/jeep-dallas\/wp-content\/uploads\/2022\/12\/schmitt-300x192.png 300w, https:\/\/www.jeepdallas.fr\/jeep-dallas\/wp-content\/uploads\/2022\/12\/schmitt-768x491.png 768w, https:\/\/www.jeepdallas.fr\/jeep-dallas\/wp-content\/uploads\/2022\/12\/schmitt-1536x982.png 1536w, https:\/\/www.jeepdallas.fr\/jeep-dallas\/wp-content\/uploads\/2022\/12\/schmitt.png 1902w\" sizes=\"auto, (max-width: 767px) 89vw, (max-width: 1000px) 54vw, (max-width: 1071px) 543px, 580px\" \/><figcaption class=\"wp-element-caption\">Schmitt<\/figcaption><\/figure>\n\n\n\n<p class=\"has-background\" style=\"background-color:#eeeeee\">Les Jeep Dallas construites par J-C Hrubon ne portent pas la marque Hrubon, cette marque a \u00e9t\u00e9 vendue, ainsi que l&rsquo;homologation et le concept \u00e0 la soci\u00e9t\u00e9 Schmitt.<br>Schmitt est d\u00e9sormais propri\u00e9taire de la marque.<\/p>\n\n\n\n<figure class=\"wp-block-image size-large\"><img loading=\"lazy\" decoding=\"async\" width=\"1024\" height=\"604\" src=\"https:\/\/www.jeepdallas.fr\/jeep-dallas\/wp-content\/uploads\/2025\/09\/logo-hrubon-1-1024x604.webp\" alt=\"Logo de la marque Hrubon, ne peut \u00eatre utilis\u00e9 pour les Jeep Dallas, la marque \u00e9tant vendue.\" class=\"wp-image-80139\" title=\"\" srcset=\"https:\/\/www.jeepdallas.fr\/jeep-dallas\/wp-content\/uploads\/2025\/09\/logo-hrubon-1-1024x604.webp 1024w, https:\/\/www.jeepdallas.fr\/jeep-dallas\/wp-content\/uploads\/2025\/09\/logo-hrubon-1-300x177.webp 300w, https:\/\/www.jeepdallas.fr\/jeep-dallas\/wp-content\/uploads\/2025\/09\/logo-hrubon-1-768x453.webp 768w, https:\/\/www.jeepdallas.fr\/jeep-dallas\/wp-content\/uploads\/2025\/09\/logo-hrubon-1.webp 1036w\" sizes=\"auto, (max-width: 767px) 89vw, (max-width: 1000px) 54vw, (max-width: 1071px) 543px, 580px\" \/><figcaption class=\"wp-element-caption\">Logo Hrubon<\/figcaption><\/figure>\n\n\n<h2>Fiche technique Jeep Dallas :<\/h2>\n\n\n<p>Moteur :4 cylindres de 1108 cm<sup>3<\/sup>, 34 cv<br>Dimensions : longueur 297 cm (et 338 cm), largeur 136 cm<br>Garde au sol: 21 cm<br>Rayon de braquage: 8 m<br>Poids : 642 kg \u00e0 vide, PTC 1045 kg, PTRA 1600 kg (720 kg en 4&#215;4)<\/p>\n\n\n\n<p><h2>Occasion Jeep Dallas<\/h2>Vous \u00eates \u00e0 la recherche d&rsquo;une Jeep Dallas, voici quelques pistes\u00a0:<br><a href=\"https:\/\/www.dallas-club.eu\/page\/2205022-jeep-dallas-ocasion\" target=\"_blank\" rel=\"noreferrer noopener\">&#8211; Occasions Jeep Dallas<\/a><br><a href=\"https:\/\/www.jeepdallas.fr\/forum-dallas\/forumdisplay.php?fid=3\" target=\"_blank\" rel=\"noreferrer noopener\">&#8211; Le forum avec ses annonces<\/a><\/p>\n\n\n<h2>Quelques liens :<\/h2>\n\n\n<p><a href=\"https:\/\/www.dallas-club.eu\/\" target=\"_blank\" rel=\"noreferrer noopener\">Le Dallas Club, association regroupant les passionn\u00e9s du mod\u00e8le.<\/a><br><a href=\"https:\/\/fr.wikipedia.org\/wiki\/Dallas_(jeep)\" target=\"_blank\" rel=\"noreferrer noopener\">Wikipedia, une page sur la Jeep Dallas.<\/a><br><a href=\"https:\/\/www.facebook.com\/groups\/496461210393341\" target=\"_blank\" rel=\"noreferrer noopener\">La page Facebook des passionn\u00e9s de Schmitt, La puce.<\/a><br><a href=\"https:\/\/www.jeepdallas.fr\/forum-dallas\/\" target=\"_blank\" rel=\"noreferrer noopener\">Le forum d&rsquo;entraide autour de la Jeep Dallas.<\/a><br><br><\/p>\n","protected":false},"excerpt":{"rendered":"<p>Jean-Claude Hrubon, le cr\u00e9ateur de la Jeep Dallas 1981, Jean-Claude Hrubon termine la fabrication d&rsquo;une petite voiture de plage, un v\u00e9hicule de loisir construit sur une base de Renault 4L. La recette: \u00c0 partir d&rsquo;un ch\u00e2ssis de R4L raccourci de 41 cm, il construit une carrosserie en t\u00f4le, la Jeep Willys lui servira de mod\u00e8le, &hellip; <\/p>\n<p class=\"link-more\"><a href=\"https:\/\/www.jeepdallas.fr\/jeep-dallas\/jeep-dallas-hrubon-en-detail\/\" class=\"more-link\">Continuer la lecture<span class=\"screen-reader-text\"> de &laquo;&nbsp;Jeep Dallas \u00ab\u00a0Hrubon\u00a0\u00bb en d\u00e9tail&nbsp;&raquo;<\/span><\/a><\/p>\n","protected":false},"author":1,"featured_media":0,"parent":0,"menu_order":0,"comment_status":"closed","ping_status":"closed","template":"","meta":{"footnotes":""},"class_list":["post-200","page","type-page","status-publish","hentry"],"_links":{"self":[{"href":"https:\/\/www.jeepdallas.fr\/jeep-dallas\/wp-json\/wp\/v2\/pages\/200","targetHints":{"allow":["GET"]}}],"collection":[{"href":"https:\/\/www.jeepdallas.fr\/jeep-dallas\/wp-json\/wp\/v2\/pages"}],"about":[{"href":"https:\/\/www.jeepdallas.fr\/jeep-dallas\/wp-json\/wp\/v2\/types\/page"}],"author":[{"embeddable":true,"href":"https:\/\/www.jeepdallas.fr\/jeep-dallas\/wp-json\/wp\/v2\/users\/1"}],"replies":[{"embeddable":true,"href":"https:\/\/www.jeepdallas.fr\/jeep-dallas\/wp-json\/wp\/v2\/comments?post=200"}],"version-history":[{"count":37,"href":"https:\/\/www.jeepdallas.fr\/jeep-dallas\/wp-json\/wp\/v2\/pages\/200\/revisions"}],"predecessor-version":[{"id":80153,"href":"https:\/\/www.jeepdallas.fr\/jeep-dallas\/wp-json\/wp\/v2\/pages\/200\/revisions\/80153"}],"wp:attachment":[{"href":"https:\/\/www.jeepdallas.fr\/jeep-dallas\/wp-json\/wp\/v2\/media?parent=200"}],"curies":[{"name":"wp","href":"https:\/\/api.w.org\/{rel}","templated":true}]}}