{"id":453,"date":"2023-01-21T09:46:26","date_gmt":"2023-01-21T08:46:26","guid":{"rendered":"https:\/\/www.jeepdallas.fr\/jeep-dallas\/?page_id=453"},"modified":"2023-04-23T10:38:46","modified_gmt":"2023-04-23T08:38:46","slug":"actualites","status":"publish","type":"page","link":"https:\/\/www.jeepdallas.fr\/jeep-dallas\/actualites\/","title":{"rendered":"Un peu tout sur la Jeep Dallas"},"content":{"rendered":"\n<div class=\"wp-block-query is-layout-flow wp-block-query-is-layout-flow\"><ul class=\"wp-block-post-template is-layout-flow wp-block-post-template-is-layout-flow\"><li class=\"wp-block-post post-417 post type-post status-publish format-standard has-post-thumbnail hentry category-non-classe tag-bache tag-dallas tag-grandin tag-jante tag-jeep tag-pare-brise tag-peugeot tag-renault tag-restauration\">\n<h2 class=\"wp-block-post-title\"><a href=\"https:\/\/www.jeepdallas.fr\/jeep-dallas\/restauration-jeep-dallas\/\" target=\"_self\">Restauration Jeep Dallas<\/a><\/h2>\n\n<figure class=\"alignwide wp-block-post-featured-image\"><a href=\"https:\/\/www.jeepdallas.fr\/jeep-dallas\/restauration-jeep-dallas\/\" target=\"_self\"><img loading=\"lazy\" decoding=\"async\" width=\"1600\" height=\"582\" src=\"https:\/\/www.jeepdallas.fr\/jeep-dallas\/wp-content\/uploads\/2023\/04\/dallas-jeep-compteurs.png\" class=\"attachment-post-thumbnail size-post-thumbnail wp-post-image\" alt=\"Restauration Jeep Dallas\" style=\"object-fit:cover;\" srcset=\"https:\/\/www.jeepdallas.fr\/jeep-dallas\/wp-content\/uploads\/2023\/04\/dallas-jeep-compteurs.png 1600w, https:\/\/www.jeepdallas.fr\/jeep-dallas\/wp-content\/uploads\/2023\/04\/dallas-jeep-compteurs-300x109.png 300w, https:\/\/www.jeepdallas.fr\/jeep-dallas\/wp-content\/uploads\/2023\/04\/dallas-jeep-compteurs-1024x372.png 1024w, https:\/\/www.jeepdallas.fr\/jeep-dallas\/wp-content\/uploads\/2023\/04\/dallas-jeep-compteurs-768x279.png 768w, https:\/\/www.jeepdallas.fr\/jeep-dallas\/wp-content\/uploads\/2023\/04\/dallas-jeep-compteurs-1536x559.png 1536w\" sizes=\"auto, 100vw\" title=\"\"><\/a><\/figure>\n\n<div class=\"wp-block-post-excerpt\"><p class=\"wp-block-post-excerpt__excerpt\">La Dallas verte a \u00e9t\u00e9 achet\u00e9e pour ses portes rigides et son hard-top afin de les installer sur la Dallas bleue. Cependant, apr\u00e8s r\u00e9flexion, il a \u00e9t\u00e9 d\u00e9cid\u00e9 de ne pas changer les portes ni d&rsquo;installer le hard-top, car cela enl\u00e8verait le charme de la Dallas qui permet de rouler \u00ab\u00a0cheveux au vent\u00a0\u00bb dans le\u2026 <\/p><\/div>\n\n\n<hr class=\"wp-block-separator has-css-opacity\"\/>\n\n<\/li><li class=\"wp-block-post post-413 post type-post status-publish format-standard has-post-thumbnail hentry category-non-classe tag-achat tag-dallas tag-grandin tag-jeep tag-neuve tag-occasion tag-peugeot tag-renault tag-voiture\">\n<h2 class=\"wp-block-post-title\"><a href=\"https:\/\/www.jeepdallas.fr\/jeep-dallas\/une-deuxieme-jeep-dallas\/\" target=\"_self\">Une deuxi\u00e8me Jeep Dallas<\/a><\/h2>\n\n<figure class=\"alignwide wp-block-post-featured-image\"><a href=\"https:\/\/www.jeepdallas.fr\/jeep-dallas\/une-deuxieme-jeep-dallas\/\" target=\"_self\"><img loading=\"lazy\" decoding=\"async\" width=\"1600\" height=\"626\" src=\"https:\/\/www.jeepdallas.fr\/jeep-dallas\/wp-content\/uploads\/2023\/04\/jeep-dallas-grandin-bretagne.png\" class=\"attachment-post-thumbnail size-post-thumbnail wp-post-image\" alt=\"Une deuxi\u00e8me Jeep Dallas\" style=\"object-fit:cover;\" srcset=\"https:\/\/www.jeepdallas.fr\/jeep-dallas\/wp-content\/uploads\/2023\/04\/jeep-dallas-grandin-bretagne.png 1600w, https:\/\/www.jeepdallas.fr\/jeep-dallas\/wp-content\/uploads\/2023\/04\/jeep-dallas-grandin-bretagne-300x117.png 300w, https:\/\/www.jeepdallas.fr\/jeep-dallas\/wp-content\/uploads\/2023\/04\/jeep-dallas-grandin-bretagne-1024x401.png 1024w, https:\/\/www.jeepdallas.fr\/jeep-dallas\/wp-content\/uploads\/2023\/04\/jeep-dallas-grandin-bretagne-768x300.png 768w, https:\/\/www.jeepdallas.fr\/jeep-dallas\/wp-content\/uploads\/2023\/04\/jeep-dallas-grandin-bretagne-1536x601.png 1536w\" sizes=\"auto, 100vw\" title=\"\"><\/a><\/figure>\n\n<div class=\"wp-block-post-excerpt\"><p class=\"wp-block-post-excerpt__excerpt\">Voil\u00e0 quelques ann\u00e9es que je poss\u00e8de ma Dallas bleue.J&rsquo;ai m\u00eame cr\u00e9\u00e9 un site web d\u00e9di\u00e9 \u00e0 nos Jeep Dallas, mais je vous en parlerai dans un autre article. Une annonce attire mon attention, une Jeep Dallas de 1990, avec quelques soucis, notamment la baie de pare-brise (maladie de nos autos) qui est perfor\u00e9e par la\u2026 <\/p><\/div>\n\n\n<hr class=\"wp-block-separator has-css-opacity\"\/>\n\n<\/li><li class=\"wp-block-post post-565 post type-post status-publish format-standard has-post-thumbnail hentry category-non-classe tag-jeep-dallas-grandin tag-route-des-grandes-alpes\">\n<h2 class=\"wp-block-post-title\"><a href=\"https:\/\/www.jeepdallas.fr\/jeep-dallas\/road-trip-la-route-des-grandes-alpes\/\" target=\"_self\">Road-trip \u00ab\u00a0La route des grandes Alpes\u00a0\u00bb<\/a><\/h2>\n\n<figure class=\"alignwide wp-block-post-featured-image\"><a href=\"https:\/\/www.jeepdallas.fr\/jeep-dallas\/road-trip-la-route-des-grandes-alpes\/\" target=\"_self\"><img loading=\"lazy\" decoding=\"async\" width=\"2000\" height=\"897\" src=\"https:\/\/www.jeepdallas.fr\/jeep-dallas\/wp-content\/uploads\/2023\/04\/route-des-grandes-alpes.png\" class=\"attachment-post-thumbnail size-post-thumbnail wp-post-image\" alt=\"Road-trip \u00ab\u00a0La route des grandes Alpes\u00a0\u00bb\" style=\"object-fit:cover;\" srcset=\"https:\/\/www.jeepdallas.fr\/jeep-dallas\/wp-content\/uploads\/2023\/04\/route-des-grandes-alpes.png 2000w, https:\/\/www.jeepdallas.fr\/jeep-dallas\/wp-content\/uploads\/2023\/04\/route-des-grandes-alpes-300x135.png 300w, https:\/\/www.jeepdallas.fr\/jeep-dallas\/wp-content\/uploads\/2023\/04\/route-des-grandes-alpes-1024x459.png 1024w, https:\/\/www.jeepdallas.fr\/jeep-dallas\/wp-content\/uploads\/2023\/04\/route-des-grandes-alpes-768x344.png 768w, https:\/\/www.jeepdallas.fr\/jeep-dallas\/wp-content\/uploads\/2023\/04\/route-des-grandes-alpes-1536x689.png 1536w\" sizes=\"auto, 100vw\" title=\"\"><\/a><\/figure>\n\n<div class=\"wp-block-post-excerpt\"><p class=\"wp-block-post-excerpt__excerpt\">Un petit road-trip entre amis, \u00e7a vous dit ? C&rsquo;est comme \u00e7a qu&rsquo;en juin 2015, trois Dallas sont parties pour d\u00e9couvrir cette route mythique, qui, de Thonon-les-Bains \u00e0 Nice, gravis pas moins de 17 cols. Notre but n&rsquo;est pas de parcourir les 700 km le plus rapidement possible, mais de s&rsquo;en mettre plein les mirettes.Au\u2026 <\/p><\/div>\n\n\n<hr class=\"wp-block-separator has-css-opacity\"\/>\n\n<\/li><\/ul>\n\n<nav class=\"wp-block-query-pagination is-layout-flex wp-block-query-pagination-is-layout-flex\" aria-label=\"Pagination\">\n\n\n<div class=\"wp-block-query-pagination-numbers\"><span aria-current=\"page\" class=\"page-numbers current\">1<\/span>\n<a class=\"page-numbers\" href=\"?query-10-page=2\">2<\/a><\/div>\n\n<a href=\"\/jeep-dallas\/wp-json\/wp\/v2\/pages\/453?query-10-page=2\" class=\"wp-block-query-pagination-next\">Page suivante<\/a>\n<\/nav><\/div>\n","protected":false},"excerpt":{"rendered":"","protected":false},"author":1,"featured_media":0,"parent":0,"menu_order":0,"comment_status":"closed","ping_status":"closed","template":"","meta":{"footnotes":""},"class_list":["post-453","page","type-page","status-publish","hentry"],"_links":{"self":[{"href":"https:\/\/www.jeepdallas.fr\/jeep-dallas\/wp-json\/wp\/v2\/pages\/453","targetHints":{"allow":["GET"]}}],"collection":[{"href":"https:\/\/www.jeepdallas.fr\/jeep-dallas\/wp-json\/wp\/v2\/pages"}],"about":[{"href":"https:\/\/www.jeepdallas.fr\/jeep-dallas\/wp-json\/wp\/v2\/types\/page"}],"author":[{"embeddable":true,"href":"https:\/\/www.jeepdallas.fr\/jeep-dallas\/wp-json\/wp\/v2\/users\/1"}],"replies":[{"embeddable":true,"href":"https:\/\/www.jeepdallas.fr\/jeep-dallas\/wp-json\/wp\/v2\/comments?post=453"}],"version-history":[{"count":11,"href":"https:\/\/www.jeepdallas.fr\/jeep-dallas\/wp-json\/wp\/v2\/pages\/453\/revisions"}],"predecessor-version":[{"id":547,"href":"https:\/\/www.jeepdallas.fr\/jeep-dallas\/wp-json\/wp\/v2\/pages\/453\/revisions\/547"}],"wp:attachment":[{"href":"https:\/\/www.jeepdallas.fr\/jeep-dallas\/wp-json\/wp\/v2\/media?parent=453"}],"curies":[{"name":"wp","href":"https:\/\/api.w.org\/{rel}","templated":true}]}}